s(j) = j**3 - 2*j**2 - 1. Let l be (-1)/3*-3*5. Let z(y) = y**3 - 4*y**2 - 6*y + 7. Let g be z(l). Give s(g).
-1
Let h(p) be the first derivative of 3/2*p**2 + 0*p - 1/4*p**4 - 1 - 1/3*p**3. Suppose 0 = 6*b + 10 + 8. Calculate h(b).
9
Let n(h) = -11*h**3 + 10*h**2 - 26*h - 5. Let c(l) = 5*l**3 - 5*l**2 + 12*l + 2. Let g(m) = -9*c(m) - 4*n(m). Let v be (-4)/18 - 20/(-9). Determine g(v).
6
Let h be 9/(-3) + -2 + 1. Let l = h + 7. Suppose -1 = l*n - 4. Let c(g) = -g**3 - 2*g**2 + 2*g - 1. Give c(n).
-2
Let r(o) = -12*o**3 + 3*o**2 - 6*o - 5. Let s(t) = 13*t**3 - 2*t**2 + 5*t + 4. Let m(q) = -3*r(q) - 4*s(q). What is m(-1)?
16
Let t(a) = -a - 7. Let l be t(-9). Suppose -4*x = 2*p + 3*p - 43, l*p = 6. Let w(g) = -g**2 + 6*g - 3. What is w(x)?
-10
Let r(o) = -7*o - 6. Let z(j) = -14*j - 13. Let y(c) = 13*r(c) - 6*z(c). Calculate y(-1).
7
Let d(i) = -5*i**2 + 2*i + 4. Let g(a) = 4*a**2 - 2*a - 4. Let t(c) = -3*d(c) - 4*g(c). What is t(3)?
1
Suppose 0 = x, 8*x - 3*x = -4*l + 8. Let w = 5 - l. Let n(c) be the first derivative of -c**4/4 + 4*c**3/3 - c**2 + c - 4. Calculate n(w).
4
Let o = -19 - -20. Let y(t) = 8*t**2 - t. Determine y(o).
7
Let y(m) = 6*m**3 - m**2 + m. Let l be y(1). Let v(g) = 4*g**2 + 18*g + 12. Let p(k) = -k**2 - 6*k - 4. Let j(s) = -7*p(s) - 2*v(s). Give j(l).
4
Let z(o) = o**2 + 5*o + 5. Let s be z(-5). Let j(x) = -x - s*x + 3*x. Suppose 0 = -5*h - 6 - 4. Calculate j(h).
6
Let g = 0 - 4. Let c(s) = -4*s**2 + 3*s**3 - 2*s**3 - 1 + 8*s**2. Calculate c(g).
-1
Let f(m) = -m**3 + 3*m**2 + 6*m - 3. Let x(o) be the first derivative of o**2/2 + o - 2. Let r be x(3). What is f(r)?
5
Let i(c) = -6*c - 1. Let y(q) = -7*q - 1. Let j(b) = 6*i(b) - 5*y(b). Let p(v) = -v - 6. Let n be p(-6). What is j(n)?
-1
Let b(r) = 2*r**2 + 4*r + 3. Let p = -8 - -6. Determine b(p).
3
Let o(n) = -n**3 - 5*n**2 - 3*n - 7. Suppose -2*m = -2*k - 4*m - 10, 0 = 3*k - 3*m + 9. Let d = -8 + k. Let w = d + 7. What is o(w)?
8
Suppose 3*g = 4*g, -4*g = 5*t - 20. Let i(w) = -4*w + 3. Give i(t).
-13
Let g(y) = -13*y + 8*y + 8*y - 3 + y**2. What is g(-4)?
1
Let m be 0 - ((0 - 2) + 1). Let z(b) = -m - 4*b**2 - b**2 + 4*b**2. Let k be 0 - 2 - 4/(-1). Determine z(k).
-5
Suppose -4*o + 6*o + 3 = 3*c, -2*c = 3*o - 15. Suppose 0 + 1 = 2*d + 5*t, 3*d - 4*t = 13. Let h(b) = -6*b + 6 + 4*b - d + 3*b. Give h(o).
6
Let y(v) = -v**2 + 5*v - 3. Suppose 3*q - 81 = -18. Suppose h = -4*w + q, -5*h + 20 = 5*w - 25. Give y(h).
-3
Let t(m) = -m**2 - m + 7. Suppose 5*y = y. Give t(y).
7
Let n(k) be the third derivative of -k**4/6 + k**2. Let f(o) = o - 3. Let s be f(8). Suppose -2*i + g = -3*i + s, 5*i - 2*g = -3. Determine n(i).
-4
Suppose -w + 2 = -3. Suppose 0*v - w = -5*v. Let r(c) = -3*c**2 + 2*c - 1. Determine r(v).
-2
Let q(h) = 1. Let w(a) = a**2 + 5*a + 3. Let f(b) = 4*q(b) - w(b). Suppose 2*z - 2*x = 5*z + 11, -3*z - 4*x - 13 = 0. Determine f(z).
7
Let n(d) be the third derivative of d**4/24 - d**3/6 + 13*d**2. What is n(8)?
7
Let q(p) = -4*p**2 + p**2 - p - p + 1 + 1. Determine q(2).
-14
Suppose 3*a = -4*t + 3, -4 = -a - 3*a - t. Let z(x) = -23*x**3 - x**2 + 2*x - 1. What is z(a)?
-23
Let p(z) = -4*z - 1. Let k = 2 - -12. Suppose -7*b + k = -5*b. Let i(q) = q**3 - 8*q**2 + 7*q - 1. Let f be i(b). What is p(f)?
3
Let v(b) = 2*b**3 + 2*b**2 - 1. Let s be ((-8)/16)/((-2)/4). What is v(s)?
3
Let n(k) = -k - 3. Suppose 11*c - 6*c + 30 = 0. What is n(c)?
3
Let f = 3 - 3. Suppose 2*w - w + 3 = f. Let s = -3 - w. Let k(m) = -m**3 - m - 1. Calculate k(s).
-1
Let u(r) = -4*r**2 + 2*r. Let n(h) = -3*h**2 + 2*h. Let g(q) = 3*n(q) - 2*u(q). What is g(2)?
0
Let h be 2 + (4 - (-1 - -2)). Let o(u) = u**3 - 7*u**2 - 7*u + 6. Let v(r) = 2*r**3 - 15*r**2 - 14*r + 12. Let t(q) = 7*o(q) - 3*v(q). Calculate t(h).
-4
Let k be (9/(-12))/(1/(-4)). Suppose 0 = -k*x + 4*g - 13, -2*x + 7*x + g - 9 = 0. Let s(b) = 4*b - x - 4*b**2 - 1 + 3*b**3 - b**3 + 0. What is s(2)?
6
Let b(u) = u - 1. Let x(a) = 8. Let v(t) = b(t) + x(t). Let f be 10*1/((-2)/(-1)). Give v(f).
12
Let n(z) = z**2 + z + 2. Let k(w) = -3*w**2 - 3*w - 6. Let j(v) = 4*k(v) + 11*n(v). Determine j(-3).
-8
Let h(i) = i**3 + 8*i**2 + 6*i + 10. Let k(a) = -a**3 + a**2 - a - 1. Let t be k(2). Determine h(t).
17
Suppose -4*k = -9*k - 10. Let s(n) = -3*n. Give s(k).
6
Let f(d) be the second derivative of d**5/60 + d**4/12 - d**3/3 - 3*d. Let a(g) be the second derivative of f(g). Calculate a(3).
8
Suppose 5*l - 28 = -3*o, 3*l - 6 = 4*o + l. Let a be 3 - (-3 + 2/o). Let y(i) = -a*i**3 - i**2 + i**2. What is y(1)?
-4
Let u(l) = -l**2 + 8*l - 6. Let p = 20 + -8. Suppose 0 = z + k - 3, -4*z + 6 + p = 2*k. What is u(z)?
6
Suppose -5*v + 0*v + 60 = 5*o, 5*v = -4*o + 62. Suppose -6 - v = -4*d. Let q(r) = 1 + 7*r - 14*r - r**2 + 2*r**2. What is q(d)?
-9
Let n(t) = -t**2 + 2. Suppose -q + 5*q = 0. What is n(q)?
2
Let h(z) = -11*z**3 - 365*z - 2*z**2 + 1 + 726*z - 361*z. Suppose 1 = r - 2*r. Determine h(r).
10
Let a(k) be the second derivative of -k**4/12 - 5*k**3/6 + 4*k**2 + 6*k. Suppose -4*c - 30 = -6. Determine a(c).
2
Let y = 0 - -2. Suppose -y*h - 20 = -6*h. Let c(g) = -g**2 + 4*g + 1. Calculate c(h).
-4
Let j(s) = s + 1. Suppose -2*v + 5 = 3*v. Calculate j(v).
2
Let y(p) = p**3 - 6*p**2 + 6*p + 5. Suppose -u - 28 = -4*s - 3*u, 4*u = 16. What is y(s)?
10
Let k(n) = n**2 - 3*n - 3. Suppose 4*s - 2*f + 8 = -7*f, -4*s + 4*f + 28 = 0. Suppose -23 - 1 = s*z. Let i = z + 6. What is k(i)?
7
Let w(c) = c**2 + 4*c + 6. Suppose -5*x - 10 = -x + 3*m, m = 2. Calculate w(x).
6
Suppose 5*g = 3*g - 8. Let a(o) = -2*o**2 - o + 4. Let n(j) = j**2 + j - 3. Let z(c) = g*n(c) - 3*a(c). Calculate z(-1).
3
Let y(c) = c**3 - 5*c**2 - 8*c + 9. Suppose 16 = -g + 4*g + 2*w, 3*g - 5*w = 23. What is y(g)?
-3
Let m(q) = 4*q - 234*q**2 - 2 + 120*q**2 + 113*q**2. Calculate m(4).
-2
Let c(x) = -2*x + 4. Let a = -155 - -159. What is c(a)?
-4
Let v(x) be the third derivative of 0 - x**2 + 1/6*x**3 + 0*x**4 + 1/120*x**6 + 0*x - 1/120*x**5. Let h(t) be the first derivative of v(t). Determine h(1).
2
Let t(b) = 13*b - 1. Let x = -9 + 8. Calculate t(x).
-14
Let y(c) = -6 + 17*c - 15*c + 4. Determine y(2).
2
Let h(x) = -x**3 - 2*x**2 - 5*x - 4. Let j be h(-2). Let k(b) = b - 1. Calculate k(j).
5
Let r be ((-4)/(-8))/(2/(-4)). Let a(j) be the second derivative of j**4/4 + j**3/6 + 2*j. Determine a(r).
2
Let f(z) = -z**2 - 5*z + 5. Let d be f(-5). Let u(r) = 2 + 0*r**2 + 5*r + 2*r**2 - 3*r**2. Calculate u(d).
2
Let i(f) = f**3 - f**2 + f - 2. Suppose 3*z - z - 4 = 0. Let s = z - 2. Calculate i(s).
-2
Let g(a) = -6*a + 1. Let u be g(1). Let t(j) = -1. Let q(f) = -f - 9. Let p = -2 + 3. Let y(c) = p*q(c) + t(c). Give y(u).
-5
Let o(i) be the second derivative of i**6/240 - i**5/60 + i**4/12 - i. Let u(v) be the third derivative of o(v). Suppose w - 3 = 1. Determine u(w).
10
Let s(d) be the second derivative of -d**5/20 - d**4/2 + 11*d**3/6 + 2*d**2 - 20*d. What is s(-7)?
-24
Let z(q) = -5*q**3 + q. Suppose -8*c + 15 = -3*c. Let i = 7 + -3. Let r = c - i. What is z(r)?
4
Let t be 32/(-24)*9/6. Let z(r) = 4*r - 1. What is z(t)?
-9
Suppose 3*b + 8 = 7*b. Let o(t) = 6*t**2 - 3*t**b - 4*t + 3*t - 4*t**2. Let y(h) = -h + 1. Let q be y(4). Give o(q).
-6
Suppose -11*n + 14*n = 12. Let r(d) = -d**3 + 5*d**2 - 3*d. Determine r(n).
4
Let p(l) = l**2 - 4*l - 2. Suppose -a = 1 - 5. Give p(a).
-2
Let y(h) be the first derivative of h**3/3 + 2*h**2 - 3*h - 1. Suppose -5*r = 2 + 18. Determine y(r).
-3
Suppose -c + 2*d + 9 = 0, -d - 9 = 5*c - 32. Let h(j) = -10 + c + j + 4. Let n be ((0 + 1)*-1)/(-1). Give h(n).
0
Suppose 0 + 2 = 2*u. Let h be 50/6 - 4/(-6). Let k(x) = -4*x + 7*x**3 + 5*x - 1 - h*x**3 + x**2. Determine k(u).
-1
Let b(u) = 130*u + u**2 - 8*u**2 - 263*u - 1 + 135*u. Let s(n) = -n**2 + 3*n - 1. Let l be s(2). Determine b(l).
-6
Let r = -9 - -12. Let i(u) = 5*u - 3. What is i(r)?
12
Let m(n) = -5 - n - 7 + 1. Calculate m(-7).
-4
Let m be 8 + 0 + 0/2. Suppose -m = -2*a - 2*a. Suppose 0 = -3*s - l + 10, a*s + l = -0 + 5. Let j(p) = -p**3 + 6*p**2 - 6*p + 3. What is j(s)?
-2
Let t(l) = -2*l + 1. Let f be t(-1). Suppose -f*h - 12 = -5*h. Let z(b) = -b**3 + 6*b**2 - 2*b + 7. What is z(h)?
-5
Suppose -k = 4*q - 3 + 8, -6 = -3*q - 4*k. Let t(l) = l**3 + 4*l**2 + 2*l - 2. Calculate t(q).
2
Let p(d) be the